 1000011?
-1001001
In base 2, what is -1000011 + -1?
-1000100
In base 6, what is -252 + -4?
-300
In base 7, what is 25 + -2?
23
In base 9, what is -42 + 240?
187
In base 14, what is 1 - -40?
41
In base 10, what is -1 + -33?
-34
In base 8, what is -50 - -23?
-25
In base 5, what is -1 - -13?
12
In base 9, what is -5015 + -1?
-5016
In base 13, what is 7c + -1?
7b
In base 15, what is -3 - 10c8?
-10cb
In base 6, what is 25555 + 5?
30004
In base 9, what is -166 - -5?
-161
In base 6, what is 434 + 5?
443
In base 9, what is -1148 - 13?
-1162
In base 7, what is -5 - -426?
421
In base 15, what is -3 + -30?
-33
In base 8, what is -4 - -602?
576
In base 2, what is 1101010 - -101?
1101111
In base 6, what is -5 - 3541?
-3550
In base 2, what is 11 + -100?
-1
In base 4, what is -101032 + -2?
-101100
In base 14, what is -20c + 6?
-206
In base 6, what is -42 + 3?
-35
In base 9, what is 388 + 1?
400
In base 12, what is 293 + -11?
282
In base 6, what is 2 - -220?
222
In base 16, what is -24 + 74?
50
In base 7, what is 0 + 246?
246
In base 16, what is 138 - -5?
13d
In base 9, what is 302 - -3?
305
In base 14, what is 2 + 378?
37a
In base 6, what is -151 + 13?
-134
In base 11, what is 0 - 777?
-777
In base 13, what is -2 - 54?
-56
In base 13, what is -188 + -29?
-1b4
In base 7, what is 103 + -31?
42
In base 6, what is -142 - 3?
-145
In base 11, what is 2234 + 2?
2236
In base 5, what is 124 + 1112?
1241
In base 13, what is -54 - 7?
-5b
In base 12, what is -3 + -a91?
-a94
In base 5, what is 24 + 332?
411
In base 15, what is 1c - 28e?
-272
In base 7, what is -2364 - 0?
-2364
In base 9, what is 37 + -140?
-102
In base 14, what is 937 - -2?
939
In base 6, what is 203 + -5?
154
In base 9, what is 3 - 53?
-50
In base 11, what is 7 + 3515?
3521
In base 8, what is -421 + -4?
-425
In base 13, what is 14 + -a?
7
In base 12, what is -50 + -10?
-60
In base 13, what is -1 - -11a?
119
In base 3, what is -10 - -110102?
110022
In base 11, what is -7 + -1273?
-127a
In base 3, what is 112 - 2020202?
-2020020
In base 12, what is -2 + -26?
-28
In base 15, what is -4 + -4?
-8
In base 14, what is -3 - -6?
3
In base 10, what is 2 - 72?
-70
In base 3, what is 10 - -11022112?
11022122
In base 9, what is -3 + -134?
-137
In base 8, what is 3 - -17?
22
In base 7, what is 10 - 1151?
-1141
In base 11, what is 2aa - 3?
2a7
In base 14, what is 22 - -26c?
290
In base 12, what is 2337 + -4?
2333
In base 9, what is -13 + 188?
175
In base 8, what is -6 - -13?
5
In base 3, what is 20101221 + 2?
20102000
In base 14, what is -3d0 - 2?
-3d2
In base 6, what is 0 + -104?
-104
In base 5, what is 303 + -1?
302
In base 10, what is 6 - -8?
14
In base 14, what is 2 + 1248?
124a
In base 3, what is -11 + -10001?
-10012
In base 2, what is -110 - -10000101?
1111111
In base 16, what is 0 - 76?
-76
In base 4, what is -11 + 21100?
21023
In base 9, what is 18 - -60?
78
In base 14, what is -b0 - -1?
-ad
In base 13, what is -39a - 3?
-3a0
In base 7, what is 53 + -4?
46
In base 11, what is -2 - 401?
-403
In base 15, what is -169 + 2?
-167
In base 12, what is -2 - -50?
4a
In base 2, what is -111 - -101?
-10
In base 13, what is 9 - 3?
6
In base 6, what is 50 + 21?
111
In base 11, what is 51 + -414?
-373
In base 7, what is -10621 + 5?
-10613
In base 8, what is -5 + 40?
33
In base 4, what is -10 + -21?
-31
In base 11, what is -3 - -227?
224
In base 11, what is -4 + -660?
-664
In base 8, what is -235 - 5?
-242
In base 8, what is -21 - -1030?
1007
In base 16, what is -3fc + -4?
-400
In base 16, what is 2ca - -4?
2ce
In base 12, what is 26 - b7?
-91
In base 11, what is 299 + -4?
295
In base 12, what is -2 + -407?
-409
In base 14, what is -5 - c?
-13
In base 3, what is 11 - -1101?
1112
In base 4, what is 300123 - 11?
300112
In base 8, what is -10606 + -2?
-10610
In base 7, what is -10 - 616?
-626
In base 10, what is 5 - -436?
441
In base 16, what is -24 - 9?
-2d
In base 7, what is -25521 - 2?
-25523
In base 16, what is -941 + 5?
-93c
In base 12, what is 1 - -a83?
a84
In base 12, what is 19 - -1?
1a
In base 10, what is -26 - 1?
-27
In base 15, what is 6 - 22?
-1b
In base 9, what is -5 - 411?
-416
In base 6, what is 4 + -450?
-442
In base 7, what is 5 + -325?
-320
In base 4, what is -3221 + 11?
-3210
In base 7, what is 24 - -120?
144
In base 14, what is 11bb - -2?
11bd
In base 6, what is 5 - -20?
25
In base 2, what is 100011 + -111?
11100
In base 5, what is -4 - 303?
-312
In base 8, what is 6036 + -3?
6033
In base 15, what is -2 + -aca?
-acc
In base 13, what is -4 + -1b?
-22
In base 4, what is -2 - 321?
-323
In base 8, what is 33 - 241?
-206
In base 14, what is 2 - -233?
235
In base 13, what is -10 + 5?
-8
In base 4, what is 220 + -233?
-13
In base 14, what is -1 - 82?
-83
In base 16, what is 45e8 - 5?
45e3
In base 2, what is -100 - -10101001100?
10101001000
In base 16, what is -12 + -e1?
-f3
In base 9, what is 11 + -4?
6
In base 11, what is 1 - -168?
169
In base 16, what is 5b + -2?
59
In base 15, what is -3 - -8?
5
In base 7, what is 10431 - -1?
10432
In base 11, what is -32 + -9?
-40
In base 8, what is 1353 - 5?
1346
In base 7, what is 0 + 10016?
10016
In base 5, what is 1 + 1032?
1033
In base 4, what is -1 - 10222?
-10223
In base 7, what is -24 - -510?
453
In base 7, what is -1506 + -14?
-1523
In base 6, what is 4 - 1?
3
In base 16, what is 364 - -5?
369
In base 10, what is -1 - -5?
4
In base 12, what is -1a - -11?
-9
In base 9, what is 135 + 21?
156
In base 4, what is 3033122 - -1?
3033123
In base 13, what is -a3 + 1?
-a2
In base 4, what is -100311 + -12?
-100323
In base 2, what is -1011110 - -100?
-1011010
In base 10, what is 15 + -1?
14
In base 7, what is 5 - 4241?
-4233
In base 2, what is 10011111 - 11?
10011100
In base 7, what is 411 - 34?
344
In base 2, what is -110 + 111110101?
111101111
In base 3, what is 100010 - -112?
100122
In base 10, what is 2440 - 0?
2440
In base 15, what is -1c - 0?
-1c
In base 13, what is 0 + 11a?
11a
In base 6, what is -2 - -150?
144
In base 7, what is 10455 - 0?
10455
In base 6, what is -1122 + -5?
-1131
In base 9, what is 3815 + 1?
3816
In base 8, what is 255 + 4?
261
In base 13, what is 5 - -14?
19
In base 13, what is 2 - -2263?
2265
In base 10, what is 76 + 7?
83
In base 8, what is 3 - -32?
35
In base 7, what is 1214 - -5?
1222
In base 6, what is 4 - 433?
-425
In base 7, what is -155 + 0?
-155
In base 11, what is 39 + -1?
38
In base 4, what is 10111 - 112?
3333
In base 14, what is d8c - -2?
d90
In base 3, what is -100201200 - -1?
-100201122
In base 16, what is -1c - 88?
-a4
In base 15, what is 1 + 6d?
6e
In base 16, what is -4 + -b6?
-ba
In base 8, what is -2 + -313?
-315
In base 12, what is -15 + 63b?
626
In base 5, what is 240 + -3?
232
In base 13, what is -1 + -50?
-51
In base 14, what is -14d - -3?
-14a
In base 3, what is -111 - -211?
100
In base 11, what is 20 + -8?
13
In base 15, what is -1c - 4ed?
-51a
In base 12, what is 1a43 - -4?
1a47
In base 4, what is -3 - 1021?
-1030
In base 9, what is -3 - -62?
58
In base 5, what is 2240 + 4?
2244
In base 8, what is 426 - -5?
433
In base 10, what is -5 - 2?
-7
In base 10, what is 1129 - 5?
1124
In base 5, what is -2 + 2414?
2412
In base 15, what is 1bc + 5?
1c2
In base 9, what is -661 - 64?
-735
In base 8, what is -1433 - -6?
-1425
In base 7, what is -11 + 31?
20
In base 2, what is 1 - 11110001001?
-11110001000
In base 12, what is -6 + -69?
-73
In base 14, what is -2 - 488?
-48a
In base 5, what is 3 - -13332?
13340
In base 10, what is 100 + -4?
96
In base 16, what is -2b + -1?
-2c
In base 13, what is -1 + -107?
-108
In base 10, what is -79 + -165?
-244
In base 3, what is 120 + -10?
110
In base 15, what is 1 + 951?
952
In base 12, what is 69 + 130?
199
In base 14, what is 10d + 19?
128
In base 8, what is 1677 - 11?
1666
In base 16, what is c + 142?
14e
In base 13, what is 26b - -5?
273
In base 6, what is 100425 + -1?
100424
In base 14, what is 22d - 7?
226
In base 16, what is -2e - -11?
-1d
In base 4, what is 1211 - -11?
1222
In base 2, what is 1010 - -1011101011?
1011110101
In base 7, what is 163 - -104?
300
In base 10, what is -31 + 6?
-25
In base 3, what is -10101 + -1?
-10102
In base 13, what is 1 - c?
-b
In base 15, what is -220 - -7?
-218
In base 5, what is 431 + -13?
413
In base 8, what is -206 + 4?
-202
In base 12, what is 0 - -2b?
